 digit of v?
9
Let j be (-2)/(3 - (-381)/(-126)). Suppose -11 = -p - 4*h, -4*p + 2*h + 14 = -j. Let g = p - 11. What is the units digit of g?
2
Let x(q) be the third derivative of q**6/120 - q**5/15 - 5*q**4/24 + 5*q**3/6 + q**2. Let z be x(5). Suppose -z*n = -0*n - 10. What is the units digit of n?
2
Let k(d) = 2*d. Let w(i) = i. Let t(s) = -6*k(s) + 11*w(s). Let p be t(-6). Let y(n) = n. What is the units digit of y(p)?
6
Let v(u) = -2*u**3 - 8*u**2 - 5*u - 7. Let d be v(-5). Let m = 20 + d. What is the units digit of (-10)/35 - m/(-14)?
6
Suppose -3*w - 5 = -w - s, -4*w + 15 = 3*s. Let i = 5 - w. Suppose 4 + i = 3*m. What is the units digit of m?
3
Let x be ((-1)/(-2))/((-3)/(-18)). Suppose 0 = -2*o - x*o - 25. Let s = -1 - o. What is the units digit of s?
4
Suppose -4*c + 57 = -d, c = 5*d - 0*d. Suppose -3*y + c = -15. Suppose o - y = -4*o. What is the units digit of o?
2
Let i be -2*(-5)/4*2. Suppose i*j + 0*j = 20. What is the tens digit of ((-20)/(-15))/(j/54)?
1
Let w(i) = -i**3 + 6*i**2 - 6*i - 2. Let d(j) = -2*j - 1. Let b be d(-3). Let f be w(b). Let o = f + 10. What is the units digit of o?
3
Suppose -n + 21 = -3*i + 67, 2*n - 43 = -3*i. Suppose 5*x + i = 105. What is the units digit of x?
8
Let g = 168 - 21. What is the units digit of g?
7
Let n(z) = 30*z + 1. What is the units digit of n(1)?
1
Let n(v) = 5*v**2 - 8*v**2 + 6 + 2*v**2 + 4*v. Let s be n(5). Suppose 3 = -p - s, 0 = -r + 3*p + 23. What is the units digit of r?
1
Let b(m) = 10*m + 2. What is the units digit of b(6)?
2
Let c be (-12)/30 + (-44)/(-10). Suppose -h + 2 = 0, -b - c*h - 79 = -4*b. What is the tens digit of b?
2
Let l(c) = -c**3 - 4*c**2 - 6*c + 19. What is the hundreds digit of l(-7)?
2
Let t be (-13)/(-4) + 3/4. Let l(v) = v**2 + 5. Let z be l(t). Let p = -13 + z. What is the units digit of p?
8
Let w(o) be the second derivative of -o**4/12 + o**3 - o**2/2 + 4*o. What is the units digit of w(4)?
7
Let i = 3 + 25. What is the tens digit of i?
2
Let j(b) be the third derivative of b**5/60 - 7*b**4/24 - 4*b**3/3 - 8*b**2. Let h be (-50)/(-6) + (-4)/(-6). What is the units digit of j(h)?
0
Let c = 2 - 1. Let q be (-5)/(-1) + (-1 - c). Suppose 4 = -2*o + 6*o + p, -3*o - 2*p = -q. What is the units digit of o?
1
What is the units digit of (4 - 1)*2/2?
3
Suppose -21*s + 20*s + 13 = 0. What is the tens digit of s?
1
Let y be (-66)/(-15) - (-2)/(-5). Suppose -3*k = -3*d + 12, 5*d - y + 2 = 2*k. What is the units digit of (k/7)/(1/(-7))?
6
Suppose -4*l + 38 = 14. Suppose -5 - 3 = -2*j. Let u = l + j. What is the units digit of u?
0
Suppose -3*s = -2*s - 58. What is the units digit of s?
8
Let q(p) be the third derivative of -p**5/60 - p**4/24 + 5*p**3/6 + p**2. Let h(x) = x**3 + x**2 - x + 2. Let g be h(-2). What is the units digit of q(g)?
5
Let b(x) = -x**3 + 15*x**2 + 15*x + 22. What is the units digit of b(16)?
6
Suppose -5*m + 0*m - 25 = 0, -3*q + 5*m + 268 = 0. What is the units digit of q?
1
Let d = -13 + 7. What is the units digit of (21/2)/(d/(-8))?
4
Let a = 14 - 8. Suppose 3*v - a = 5*v. What is the units digit of 66/9 + (-2)/v?
8
Let b(y) = 3*y**2 + 24*y + 10. What is the hundreds digit of b(-13)?
2
Suppose -150 = -5*q + 3*j, 3*q - j = -3*j + 90. Suppose 3*r = -2*r + q. What is the units digit of r?
6
Let v(c) = -c + 2. Let z be v(0). Suppose -2*n + 0*n + 10 = -4*g, -2*n + z*g = -4. What is the units digit of 22*(n + 9/6)?
1
Let n(p) = 3*p**2 - 4*p + 2. Suppose 0 = -2*m - s + 4*s + 6, 0 = -3*s. What is the units digit of n(m)?
7
Let j = -9 - -22. What is the units digit of j?
3
Let p = 139 - 70. What is the tens digit of p?
6
Let c be 3*(3/9 - 0). Suppose 56 = 3*n - c. What is the units digit of n?
9
Let t be (-4)/(-18) - (-60)/(-27). Let r be 33/12 - t/8. Suppose -3*b = -15 + r. What is the units digit of b?
4
What is the units digit of 44/(-242) - (-178)/11?
6
Let w(z) = -z**3 - 11*z**2 + 14*z + 15. Let h be w(-12). Let q(u) = -u**3 - 10*u**2 - 10*u + 12. What is the units digit of q(h)?
1
Let g be -3 - 0 - (12 + -18). Let z = g - -7. What is the tens digit of z?
1
What is the units digit of (-78)/4*836/(-57)?
6
Suppose 21 - 7 = -2*p. Let f = p - -18. What is the units digit of f?
1
Let v be -3 - -20 - (-2)/(-1). Suppose v = 5*h - 40. What is the tens digit of h?
1
Suppose 14 = -3*j + 5*f - 8, -11 = -j - 2*f. What is the units digit of j?
1
Let z(k) = -k**3 + 7*k**2 + 8*k + 5. Let b = 18 - 10. Let q be z(b). Suppose -q = -a + 7. What is the units digit of a?
2
Let j = -23 - -37. Let f = 10 - j. What is the units digit of (3 - (-10)/f)*22?
1
Suppose 15 = -0*j + j. Let r = 40 - j. What is the units digit of r?
5
Let f(u) = 7*u - 1 - 7*u + 3*u + 6*u**2. What is the units digit of f(2)?
9
Let i(x) be the third derivative of -x**7/84 - x**6/360 - x**5/120 - x**3/6 - x**2. Let g(c) be the first derivative of i(c). What is the tens digit of g(-1)?
1
Suppose 0 = 5*c - 3*v - 203, 4*c + v + 64 = 223. What is the units digit of 228/10 + (-32)/c?
2
Let x be 2/8 + (-54)/(-8). Suppose x*r - 42 = 4*r. What is the tens digit of r?
1
Let j be -3*(-2 - -4)/(-2). Suppose -14 = t - j*t. What is the units digit of t?
7
Let b be (-8)/(-3) - 4/6. Let m be ((-6)/(-2))/(-1 + b). Suppose 4*a = 4*q - 4, -3*q + m*a + 2 = -q. What is the units digit of q?
1
Suppose 5*m + 3*u + 4 = 19, -3*m = 3*u - 15. Suppose -5*z + 0*z = m. Suppose -y - 4*y + 50 = z. What is the units digit of y?
0
Let f = 22 - -33. What is the tens digit of f?
5
What is the tens digit of 38/(-6)*-3 + -4?
1
Let r = 6 - 6. Suppose r + 2 = 2*p. What is the units digit of p?
1
Suppose -7*i + 2*i + 2*c - 56 = 0, -6 = i - 3*c. What is the units digit of (25/10)/((-5)/i)?
6
Suppose -12 = 3*x, -2*d = 3*x - 15 + 83. What is the units digit of -1 - 5/(10/d)?
3
Suppose 3 = -2*n - 2*t - 5, 0 = 4*n - 3*t + 30. Let i be (-5)/((-10)/n) - -35. Let v = 53 - i. What is the tens digit of v?
2
Let l be -3 + 2*(0 + -1). Let a(m) = -m**3 - 4*m**2 + 3*m - 2. What is the units digit of a(l)?
8
Let q = 44 - 26. Let c = 39 - q. What is the tens digit of c?
2
Let y = 17 - -7. What is the tens digit of y?
2
Let z = 201 - -89. What is the tens digit of z?
9
Suppose 34 = -0*g + g. Suppose -2*h = -3*p + g, -p + 4*h = 6*h + 2. What is the units digit of p?
8
Suppose -2*m - 2*q = 2*q + 14, 0 = 5*m - 2*q + 47. Let k = 18 + m. What is the units digit of k?
9
Let x = 3 - 1. Suppose -2*k = 0, j + 2*k - x = 6. What is the units digit of j?
8
Let y(f) = -31*f**3 + f**2 - f + 2. What is the tens digit of y(-2)?
5
Suppose -11 - 399 = -2*j - 4*o, -3*o = 0. What is the tens digit of j?
0
Let v(p) = -p**3 + 5*p**2 + 4. What is the tens digit of v(4)?
2
Let j be (0 + -2)/2 - -4. Suppose c - 11 = -j*u + 1, -c + 4*u = 16. Suppose c*v + 3 = v. What is the units digit of v?
3
Suppose l - 540 = -2*l. What is the tens digit of l?
8
Suppose i = 2*i - 40. Suppose -4*o = -0*o - i. What is the tens digit of o?
1
Let z be (-2)/2*2 + 2. Suppose -4*y + 5*b + 19 = z, -y + 8 = -b + 3*b. Suppose r - y = -r. What is the units digit of r?
3
Let h(j) = -j**3 - 3*j**2 + 2*j - 4. Let f = -4 + 0. What is the units digit of h(f)?
4
Let j(l) = -5*l. Let p be j(-1). Suppose 2*y = -3*r + 39, -p*r = -y - 4*y + 35. What is the tens digit of y?
1
Suppose 2*l + 4 = -4*u, 0 = -l + 3*l - 5*u + 40. Let a = l - -49. What is the units digit of a?
9
Let s = 9 - 3. What is the tens digit of ((-21)/14)/(s/(-136))?
3
What is the tens digit of 1/(259/129 + -2)?
2
Suppose -5*z - 4*i + 752 - 222 = 0, -5*z + 4*i = -570. What is the units digit of z?
0
Let z(a) = -a**3 - 5*a**2 + 7*a + 9. What is the units digit of z(-6)?
3
Suppose 63 = 9*s - 2*s. What is the units digit of s?
9
Suppose -30 = 3*v + 51. Let f = v - -46. What is the units digit of f?
9
Suppose -v = 2 - 12. Suppose 0 = -f - v - 6. What is the units digit of 1/(1 + 14/f)?
8
Suppose 24*o = 20*o + 52. What is the tens digit of o?
1
Suppose -6 = -2*f - q, f - q + 3 = 9. Let l = f + -4. What is the units digit of l + (0 - 1) + 10?
9
Let r = 73 - -89. What is the tens digit of r?
6
Let r = 22 - -31. Suppose 0 = 3*i - 2*i - 5*l - 11, -3*i + 5*l + r = 0. Let d = -11 + i. What is the tens digit of d?
1
Let c(j) be the third derivative of j**4/24 + 3*j**3/2 + j**2. Suppose -2*k + 7*k + 38 = -3*y, -3*k + 4*y - 17 = 0. What is the units digit 